(-3)/(-18). Let i = 169 + c. What is the remainder when i is divided by v?
4
Let s = 69 - 51. Suppose 6*r = 2*r - 4*q + 124, 64 = 2*r + q. Calculate the remainder when r is divided by s.
15
Suppose 0 = -12*i - 0*i + 480. Suppose 3*g + i = 208. Let v = 9 + 11. What is the remainder when g is divided by v?
16
Suppose 4*i = 20, -2*s + 52 = -9*i + 7*i. Let q be 5/2 + 1/(-2). Suppose q*g + 3 - 16 = -3*k, -19 = -2*g - k. What is the remainder when s is divided by g?
9
Let j(o) = o**3 - 9*o**2 + 11*o - 10. Let x = 74 - 66. Calculate the remainder when 38 is divided by j(x).
10
Let u(c) = 2*c + 8. Let z be u(-19). Let m = -24 - z. Calculate the remainder when m is divided by 3.
0
Calculate the remainder when 309 is divided by ((-306)/(-7))/((-160)/(-560)).
3
Suppose -5*t + 105 = -15. Calculate the remainder when 117 is divided by t.
21
Suppose 5*c + 210 = 5*u, -2*c - 164 = -3*u - 43. Suppose -x + k = -u, -x - 5*k - 4 + 23 = 0. Let o = -16 + x. Calculate the remainder when 53 is divided by o.
17
What is the remainder when 25 is divided by (-7 - (-64)/8)/((-1)/(-13))?
12
Calculate the remainder when 37 is divided by ((-84)/8 + -2)*16/(-20).
7
Let n(y) = -8*y - 11. Calculate the remainder when 96 is divided by n(-7).
6
Let u = 1235 - 1000. Calculate the remainder when u is divided by 25.
10
Let k(b) = 13*b - 15. Suppose -2*t + 108 = 4*t. Calculate the remainder when k(8) is divided by t.
17
Let n = -13 + 4. Let l = 3 - n. Calculate the remainder when 58 is divided by (-605)/(-30) - 2/l.
18
Suppose -5*n - 15 = 0, -5*j + 27*n + 493 = 31*n. Calculate the remainder when 320 is divided by j.
17
Let t(v) = 12*v**2 + 2 + 0 + v**3 + 0*v**3. Let y be t(-12). Suppose y = -6*s + 26. Calculate the remainder when s is divided by 1.
0
Suppose 6 = 3*x - 6*x. Let l = 23 + x. Let o = 1006 - 946. Calculate the remainder when o is divided by l.
18
Suppose 0 = -2*q + 3*b + 41, -q - 4*b = -2 - 46. Calculate the remainder when 100 is divided by q.
16
Suppose 0*x + 5*x = 4*q + 137, -2*q - x - 79 = 0. Let p = -33 - q. What is the remainder when 5 is divided by p?
0
Suppose 0 = 4*l - 3*l - 4. Suppose 2*s + 5*p + 24 = 0, 5*p - 3*p + 2 = 3*s. What is the remainder when 21 is divided by 11/2*(l + s)?
10
Calculate the remainder when 4*((-1674)/(-24) + -3) is divided by 69.
60
Let t(i) = i**3 + 16*i**2 + 21*i - 33. Calculate the remainder when t(-11) is divided by 69.
65
Let t be (-42)/(-1 + -2)*-1. Let p = -11 - t. Calculate the remainder when (-18)/(-30)*(0 - -15) is divided by p.
0
Suppose 2*f + 772 = 1058. What is the remainder when f is divided by 42?
17
Suppose -6 = -2*u + 3*r, -15 = -5*u - 0*u - 4*r. Suppose -8*g + u*g = -15. What is the remainder when g is divided by (2 + -3)*3 + 6?
0
Suppose -3*o + 37*h + 9 = 40*h, 0 = 4*o - 3*h - 40. What is the remainder when 40 is divided by o?
5
Suppose 16*z + 150 = 21*z. Calculate the remainder when z is divided by 6.
0
Suppose 0 = 5*r + 3*z - 65, 6*z + 105 = 5*r + z. What is the remainder when ((-15)/(-12))/((-292)/(-144) - 2) is divided by r?
13
Let d be (-1 - -1*2)*1. Suppose 2*m + 1 = -d, 0 = -4*t - 3*m + 69. Let f = 4370 + -4317. Calculate the remainder when f is divided by t.
17
Let h(m) = 4*m - 3. Let d be h(9). Suppose -d = -2*y + 49. What is the remainder when y is divided by 11?
8
Suppose -117*a - 200 = -125*a. Calculate the remainder when 398 is divided by a.
23
Let j = -1 - 6. Let v(q) = q**3 + 7*q**2 - 4*q - 10. Let i be v(j). Suppose -39 - i = -3*t. What is the remainder when 56 is divided by t?
18
Suppose 0 = -5*g - 5 + 75. Let t = 19 + -10. What is the remainder when g is divided by t?
5
Let x(p) = -2*p + 14. Let v be x(5). Suppose -w - 37 = -v*z + 85, -5*z + 163 = 4*w. Calculate the remainder when z is divided by (34/(-6))/((-2)/6).
14
Suppose 0 = 26*t - 109*t + 49966. Calculate the remainder when t is divided by 3.
2
Suppose 47 = 4*h - 3*j, -4*h + 5*j - j + 48 = 0. What is the remainder when 295 is divided by h?
9
Let w(z) = z**3 + 6*z**2 - 9*z - 7. Let t be 4/(-7) - (-45)/(-7). What is the remainder when (-2)/(0 + -2) + 26 is divided by w(t)?
6
Suppose 2*v - 4*w = v + 10, -2*v + 14 = -2*w. Let m = 59 - 31. Let b = m - v. Calculate the remainder when b is divided by 8.
6
Let v = 186 - 122. Suppose 5*i + 2*f + 2*f = 90, 0 = -i + 4*f + 42. What is the remainder when v is divided by i?
20
Suppose 184 = -28*g + 632. What is the remainder when 43 is divided by g?
11
Suppose 5*i - 270 = 45. Suppose 6 = 2*t - 0*t. What is the remainder when i is divided by -2*t/((-12)/64)?
31
Suppose 0*i + s - 16 = -2*i, -s = 2. Calculate the remainder when (-8)/((2 + 0)/(-4)) is divided by i.
7
Suppose 595 = -46*z + 131*z. What is the remainder when 54 is divided by z?
5
Let d = -9 - -25. What is the remainder when 139 is divided by d?
11
Suppose j = 14 - 9. Calculate the remainder when 18 is divided by j.
3
Suppose -195 = 2*f - 209. Calculate the remainder when 67 is divided by f.
4
Let p(m) = 36*m**2 - 65*m - 65. What is the remainder when 138 is divided by p(-1)?
30
Suppose 0*y = u + 4*y - 12, 0 = -2*u + 4*y + 36. Let w = 28 - u. Suppose -8*j - 101 + 477 = 0. Calculate the remainder when j is divided by w.
11
Suppose 3*q + 6 = 4*q. Let f be (2 - (-17)/5) + (-4)/10. Suppose 10*w - 300 = -f*w. What is the remainder when w is divided by q?
2
Let m = 3 - 1. Suppose 3*n - 101 = -2*u, -n = -u + m*u - 48. Let j(q) = 4*q**2 - 45*q - 287. Calculate the remainder when j(-6) is divided by u.
41
Let i = 39 - 33. Let o(j) = j**2 + 5*j + 16. Suppose 35 + 28 = 3*k. Calculate the remainder when o(i) is divided by k.
19
Let w(m) = m**3 - 33*m**2 + m + 28. What is the remainder when w(33) is divided by 43?
18
Let p = 17 - 12. Suppose -38 = p*n + 57. What is the remainder when 23 is divided by (18 + n)/(2/(-26))?
10
Suppose f - 3*j + 4*j - 2 = 0, 3*f + j = 4. Let r be (f - 1)/(-3) - 0. Suppose 2*o - 50 = -r*o. What is the remainder when o is divided by 13?
12
Suppose 0 = 2*y - 4 - 6. Let z = y - 3. Let s(k) = k**3 - 2*k - 1. What is the remainder when s(z) is divided by 2?
1
Let d(g) = g**2 - 3*g + 2. Let k be d(4). Suppose -k*x = -3*x - 75. Suppose -r = r - 18. Calculate the remainder when x is divided by r.
7
Let f(j) = 4*j - 150. Calculate the remainder when f(43) is divided by 4.
2
Let h(b) = 18*b**2 + b + 7. What is the remainder when h(2) is divided by 73?
8
Suppose -x + 2*x - n = 74, -370 = -5*x + 4*n. Suppose 3*t - 64 = 4*z, -887*t + 5*z = -888*t + 15. Calculate the remainder when x is divided by t.
14
Suppose 0 = 2*o + 2*o - 496. Calculate the remainder when 81 is divided by o/4 + -1 - 2.
25
What is the remainder when 174 is divided by 8/(-5)*260/(-26)?
14
Suppose -14*z - 4 = -16*z, 2*n + 4*z = 18. What is the remainder when 10 is divided by n?
0
Let b(y) = 2*y + 3. Let k = 5 - -1. Calculate the remainder when 42 is divided by b(k).
12
Let a = -24 - -26. Suppose -5*f - a*n + 47 = -2*f, 5*f = -3*n + 77. Let k = f + -11. What is the remainder when 9 is divided by k?
1
Suppose -y + 55 = -6*y + i, -i = -y - 11. Let n = y - -26. What is the remainder when 26 is divided by n?
11
Suppose -m + 11*m = -10. Let b(v) = -49*v**3 - 3*v**2 - 3*v - 1. Calculate the remainder when b(m) is divided by 18.
12
Let u(w) = -29*w + 1. Let g be u(-2). What is the remainder when (-1 + 3)/(-2) + g is divided by 30?
28
Let y(f) = 8*f + 2. Let j be y(-1). Let p(x) = -2*x**3 - 12*x**2 + 4. Suppose 0 = 2*v + 3*v - 45. Calculate the remainder when v is divided by p(j).
1
Let k = 28 + -9. Let u(x) = x**2 - 17*x - 2. What is the remainder when u(k) is divided by 13?
10
Let o(q) = -10*q - 263. What is the remainder when 118 is divided by o(-31)?
24
Let a(n) = 0*n - 5 + 6*n + 5*n. What is the remainder when 30 is divided by a(2)?
13
Suppose -121*h + 360 = -111*h. Calculate the remainder when 43 is divided by h.
7
Let j = -90 + 91. Suppose 4*k + k = 75. Calculate the remainder when 45 + (-8)/2 + j is divided by k.
12
Suppose -15*m = -8*m - 4067. Calculate the remainder when m is divided by 73.
70
Suppose 4*j = j + 9. Suppose j*l - 2*w = 2 + 19, 3*l - 21 = -3*w. Suppose 5*q = -x - 7, 3*x - 3 = 3*q + 12. Calculate the remainder when l is divided by x.
1
Let f be (-8)/36*-1 + 320/18. Suppose 0 = 7*w - 5*w - f. What is the remainder when 25 is divided by w?
7
Let g(q) be the first d